, 0 = -x*s + b + 120. What is the units digit of s?
9
Let u = -17 - -17. Suppose z - 22 - 16 = u. What is the tens digit of z + -5 + 2 + -3?
3
Let t(c) = -c + 6. Let q = 8 + -16. What is the tens digit of t(q)?
1
What is the units digit of 1672 - -6 - 2 - 3 - 2?
1
Let y(k) = 14*k**3 - 2*k**2 + k - 48. What is the thousands digit of y(7)?
4
Let l be (-1 + -1)*23/46. What is the tens digit of l/(10/(-855))*4/3?
1
Suppose -3*a = -a + 3*o - 8, 0 = -3*a + 4*o - 5. Suppose -10*l + 79 = -51. Let n = l - a. What is the units digit of n?
2
Let y(w) = w + 4. Let b be y(10). Let d = -11 + b. Suppose a - 48 = -d*a. What is the tens digit of a?
1
Let n(t) = t - 15. Let x be n(11). Let j be 0/(4/8*x). Suppose 0 = -2*u - l + 2*l + 52, -5*u + 3*l + 128 = j. What is the tens digit of u?
2
Let y(o) = 2*o - 1. Let b(h) = -9*h - 6. Let m(w) = -3*b(w) + 21*y(w). What is the tens digit of m(1)?
6
Suppose -4*j - 7*o = -11*o - 2324, 0 = -3*j - o + 1723. What is the hundreds digit of j?
5
Suppose -15*r + 18247 = 5062. What is the hundreds digit of r?
8
Suppose 2*m = -70 - 44. What is the tens digit of (-19)/m - (-856)/6?
4
Suppose 4*q + v + 727 = 5754, -v - 6277 = -5*q. What is the hundreds digit of q?
2
Let m be (0 - 2)/(-2)*28. Let g be 88/40 + 3/(-15). Suppose 42 = g*f - m. What is the units digit of f?
5
Let g be (168/(-36))/(4/6). What is the units digit of (g - -3) + 1 + 8?
5
Suppose 11*g - 8 = 9*g. What is the tens digit of -1 + (-4 - g)*(0 + -2)?
1
Let i(o) = 92*o + 274. What is the thousands digit of i(26)?
2
Suppose 1632 = 3*u - 1137. What is the units digit of u?
3
Let k(u) = 73*u + 165. What is the tens digit of k(21)?
9
Suppose q + 7 - 18 = 2*p, 0 = -4*q - p + 26. Let w(v) = 5*v**2 + 5*v - 13. What is the tens digit of w(q)?
6
Suppose 3*t + 4*b = 8982, -b = -4*b. What is the thousands digit of t?
2
Suppose -10*w + 33*w = 2553. Suppose -78 = 5*t - 5*a + 207, 4*t - a = -234. Let f = w + t. What is the units digit of f?
2
Let j be ((12/30)/1)/(1/10). Suppose v + 2*p = 3*p + 116, v = j*p + 116. What is the tens digit of v?
1
Suppose 13*p - 8*p = 360. What is the units digit of p?
2
Let o be (66/12)/(1/(-2)). Let x = o - -3. Let v(z) = z**3 + 9*z**2 + 7*z + 10. What is the units digit of v(x)?
8
Suppose 8*s + 7494 = 23710. What is the hundreds digit of s?
0
What is the hundreds digit of 3 + 1928/12 + (-2)/3?
1
Let x = 9 - 3. Suppose 45 = x*p - p. What is the tens digit of 3 - 9*p/(-3)?
3
Let c(v) = v + 1. Let n(h) = -h**3 + 8*h**2 + 9*h - 16. Let t(z) = -5*c(z) - n(z). What is the tens digit of t(10)?
7
Let k = 149 - -3. Let a be 60/5*k/4. Suppose -a = -7*z - z. What is the units digit of z?
7
Suppose 3*h = -3*x + 2571, h - 323 - 538 = x. What is the tens digit of h?
5
Let n be (-12)/2*15*1. What is the units digit of n/(-4)*(-16)/(-6)?
0
What is the tens digit of 34/(-442) - 13965/(-39)?
5
Suppose 2*x - 10 + 2 = -2*d, 0 = -4*d + 3*x + 30. Suppose -5*a + h = -531, 5*h - 234 = 4*a - d*a. What is the units digit of a?
7
Let p = -102 + 190. Let n = 245 - 123. Suppose -3*b + p = 5*s, 6*s = 5*b + 2*s - n. What is the tens digit of b?
2
Let y = 8 - 8. Suppose -3*o + 534 = 4*m, y = -o + 4*m - 29 + 207. What is the hundreds digit of o?
1
What is the thousands digit of 36002/12 + (-35)/(-42)?
3
Let w(k) = 15*k + 44. Let h be w(-6). Let f = h + 311. What is the tens digit of f?
6
Let u(i) = 2*i**2 + 11*i - 3. Let a be u(-6). Suppose a*v - 160 = 2*q, -228 = -4*v - 0*q - q. What is the units digit of v?
6
Let w(c) = -15*c + 1. Suppose -40 = 3*y - 8*y. Let r be y/6*9/(-6). What is the units digit of w(r)?
1
Let p(s) = -3*s - 1. Let w be p(-2). Suppose -v + 37 = w. Let c = v - 1. What is the units digit of c?
1
Let q(p) = 3*p**3 + p**2 + 13*p + 9. What is the tens digit of q(5)?
7
Let i = 74 + -62. Suppose 0 = -17*w + i*w + 700. What is the tens digit of w?
4
Let v(l) = 37*l**2 - l + 1. Let a = 125 + -123. What is the units digit of v(a)?
7
Suppose 2*r - 279 = 19. Let b = r + -128. What is the tens digit of b?
2
Let l = 37 + 329. What is the units digit of l/(-4)*20/(-30)?
1
What is the hundreds digit of 1*2 + (3 - -4)*73?
5
Let q be 8/(1*(1 + 1)). Suppose 4*x + 6*i = 4*i + 16, -q*x + 16 = 4*i. What is the units digit of 5/((-4)/(-4)) + x?
9
Let u(g) = 76*g - 229. What is the thousands digit of u(53)?
3
Let i(g) be the first derivative of -g**3/3 + 9*g**2 + 11*g - 157. Suppose 0 = 3*q - 0*q - 45. What is the units digit of i(q)?
6
Let v(h) = -h**2 - 8 - 62*h + 6 + 76*h - 17. Let n be v(11). Let y(i) = -i**3 + 15*i**2 - 10*i + 8. What is the units digit of y(n)?
4
Let w = -134 - -73. Let t = w - -104. What is the tens digit of t?
4
Let j = -215 + 296. What is the tens digit of j?
8
Suppose 6*h = 8*h - u - 1077, h - 5*u = 525. What is the hundreds digit of h?
5
Suppose 0 = 2*r + 4, 3*j + 5*r + 3 + 1 = 0. Let l = j - -53. What is the tens digit of l?
5
Let v(c) = -30*c**2 - 16*c + 2. Let r be v(-5). What is the units digit of (-16)/(-56) - r/14?
8
Suppose 3*q + 2125 = 20*q. What is the units digit of q?
5
Let w(y) be the second derivative of 0 - 1/3*y**3 - 4*y - y**2. What is the units digit of w(-2)?
2
Let i = 2142 + -1154. Suppose -i + 36 = -7*r. What is the hundreds digit of r?
1
Let r(t) = -t**3 - 4*t**2 - 3*t. What is the tens digit of r(-9)?
3
Let j(l) be the second derivative of 5*l**4/6 - l**3/2 + l**2 + 4*l. Let n be j(2). Suppose 0 = -k - 3*k + n. What is the units digit of k?
9
Let b = 243 + -39. What is the hundreds digit of b?
2
Let n(f) = -52*f + 6. Let m be n(4). Let z = m - -362. Suppose -z = -21*w + 16*w. What is the units digit of w?
2
Suppose u - 348 = -2*u. Let j(d) = d**3 - 5*d**2 + 3*d + 4. Let p be j(4). Suppose -4*s = -p*s - u. What is the tens digit of s?
2
Let q(c) = 9*c**2 - 3*c + 8. What is the tens digit of q(-8)?
0
Let f = 65 + -24. Let h = f - -43. What is the units digit of h?
4
Let b be (-155)/(-10) + (-3)/(-6). Let x = b + -14. Suppose 4*v = -x*u + 40, u + 4*v + 32 = 2*u. What is the tens digit of u?
2
Suppose -301 + 16 = -5*h. What is the units digit of h?
7
Let n be (4 - (-4)/(-4)) + (-1)/(-1). What is the tens digit of 22 + (2*n/(-8))/1?
2
Let c(s) = s**2 - 11*s - 5. Let k be c(12). Suppose -3*q + k = -5. What is the tens digit of ((-23)/(-2))/(2/q)?
2
Let h be 2/(-1 + (-2 - -2)). What is the tens digit of (1 - 291/6)*-2 - h?
9
Suppose -8*u - 3*k = -3*u - 8311, 0 = -3*u + 4*k + 4975. What is the tens digit of u?
6
Let c(u) = 2*u**2 - 6*u + 6. Let p be c(3). Suppose r + 2*b = 10, 5*r = p*b - 11*b + 35. What is the units digit of r?
4
Suppose 0 = -4*j - 2*u - 0*u - 48, 0 = 5*j + 3*u + 58. Let z(h) = h**2 + 15*h + 4. Let w be z(j). What is the units digit of (-25)/w*(2 + 2)?
0
Let c = 2 - -1. Let t(r) = -3 + 2 - 2*r**c + 5*r - 3*r**2 + 5 + 0. What is the units digit of t(-3)?
6
Suppose 4*g = 5*m - 4895, -g + 5*g + 20 = 0. What is the units digit of m?
5
Let u be (1 + -1)/(4 - 3). Let x = 74 - 30. Suppose -z + v + x = 0, -z - 5*v + 74 = -u*z. What is the tens digit of z?
4
Let q = -1 - -3. Suppose -76 = -q*i - 16. What is the tens digit of i?
3
What is the units digit of (2 - 5)/(12/(-6700))?
5
Suppose -2 = p - 8. Suppose 0 = -0*y + p*y - 126. What is the units digit of (-8)/28 - (-1455)/y?
9
Let k be ((-4)/(-26))/(-1) + (-11314)/(-26). Suppose k = 5*m + 5*r, -3*m + 3*r = -112 - 155. What is the units digit of m?
8
Suppose 180 = -2*p + 3*r, -5*p - 4*r - 425 = r. Let h be (-2)/(-8) - (-49)/28. What is the tens digit of ((-32)/48)/(h/p)?
2
What is the tens digit of (104 - 108)*(-3849)/4?
4
What is the units digit of (-3)/2 + 12362/28?
0
Let s(h) = h**2 - 2*h - 12. Let o be s(5). Suppose o*c - 529 = -133. What is the tens digit of c?
3
What is the units digit of 37450/55 + (23/11 - 2)?
1
Let d(m) = -1. Let a(v) = 3*v + 3. Let z(b) = -a(b) - 2*d(b). Let s be z(4). What is the tens digit of (s + -9)*(-2)/4?
1
Let y(b) = 23*b**2 - 4*b + 4. What is the units digit of y(1)?
3
Suppose -16361 - 258031 = -72*b. What is the thousands digit of b?
3
Let b = -75 - -79. Suppose -4*z + 501 = -0*z + 3*s, b*z + 5*s - 507 = 0. What is the tens digit of z?
2
Let g(m) = -m**3 + m + 1. Let y(t) = 4*t**3 + t**2 - 12*t - 4. Let f(l) = -5*g(l) - y(l). What is the tens digit of f(3)?
3
Suppose 0 = 3*u - 190 - 146. Suppose -3*r = 3*c - 3, 0 = -5*c - 3*r - 2 + 9. Supp